actors of 536313787?
479, 1119653
List the prime factors of 141091399.
141091399
What are the prime factors of 454751084?
2, 113687771
What are the prime factors of 1006012898?
2, 11, 45727859
List the prime factors of 155422536.
2, 3, 6475939
What are the prime factors of 5043736328?
2, 630467041
List the prime factors of 158039984.
2, 31, 318629
List the prime factors of 90717757.
13, 73, 109, 877
List the prime factors of 3103423440.
2, 3, 5, 13, 17, 58511
What are the prime factors of 18271443?
3, 6090481
List the prime factors of 282100697.
191, 1476967
What are the prime factors of 3793512084?
2, 3, 23, 97, 141697
What are the prime factors of 1615756179?
3, 3529, 152617
What are the prime factors of 169679511?
3, 18853279
What are the prime factors of 61084147?
157, 229, 1699
What are the prime factors of 5479254279?
3, 3469, 175499
What are the prime factors of 1028071669?
97, 10598677
List the prime factors of 4610472986.
2, 7, 37, 43, 449, 461
List the prime factors of 5910923620.
2, 5, 7, 43, 313, 3137
List the prime factors of 3780989462.
2, 31, 881, 69221
What are the prime factors of 898590604?
2, 41, 5479211
What are the prime factors of 794694864?
2, 3, 269, 61547
What are the prime factors of 81670616?
2, 31, 329317
List the prime factors of 766983612.
2, 3, 63915301
What are the prime factors of 3013763864?
2, 83, 421, 10781
List the prime factors of 17410254.
2, 3, 61, 47569
What are the prime factors of 924592115?
5, 311, 647, 919
What are the prime factors of 118375630?
2, 5, 3343, 3541
What are the prime factors of 85298910?
2, 3, 5, 727, 3911
List the prime factors of 1438365046.
2, 283, 2541281
List the prime factors of 78319232.
2, 23, 37, 719
List the prime factors of 1684996168.
2, 61, 373, 9257
List the prime factors of 222514536.
2, 3, 139, 66701
What are the prime factors of 154228135?
5, 30845627
What are the prime factors of 20931440?
2, 5, 261643
What are the prime factors of 243835238?
2, 79, 107, 14423
List the prime factors of 3568257132.
2, 3, 11, 43, 97, 6481
What are the prime factors of 485385130?
2, 5, 53, 131, 6991
List the prime factors of 19413709.
7, 2773387
List the prime factors of 1119111302.
2, 271, 2064781
What are the prime factors of 711146697?
3, 37, 6406727
What are the prime factors of 215426169?
3, 7, 59, 19319
What are the prime factors of 1847979665?
5, 7, 131, 403049
List the prime factors of 298935287.
7, 1013, 42157
List the prime factors of 47780945.
5, 9556189
What are the prime factors of 419944509?
3, 41, 1138061
List the prime factors of 36053327.
2137, 16871
What are the prime factors of 252699606?
2, 3, 1229, 11423
List the prime factors of 16370991.
3, 7, 13, 2221
List the prime factors of 1812793590.
2, 3, 5, 137, 233, 631
List the prime factors of 59406086.
2, 67, 73, 6073
What are the prime factors of 123026384?
2, 13, 79, 7487
What are the prime factors of 162272349?
3, 6010087
What are the prime factors of 39204743?
39204743
List the prime factors of 203879008.
2, 2273, 2803
What are the prime factors of 8066471620?
2, 5, 403323581
List the prime factors of 98783827.
23, 61, 181, 389
List the prime factors of 61341062.
2, 30670531
List the prime factors of 1309739657.
53, 79, 103, 3037
What are the prime factors of 7093474423?
7, 109, 2791, 3331
What are the prime factors of 661014746?
2, 7, 691, 68329
List the prime factors of 5420330877.
3, 13, 138982843
List the prime factors of 25599302.
2, 47, 272333
List the prime factors of 2493500066.
2, 31, 40217743
What are the prime factors of 169484100?
2, 3, 5, 71, 73, 109
What are the prime factors of 2594210503?
23, 112791761
What are the prime factors of 9009692088?
2, 3, 15193, 24709
List the prime factors of 4990773.
3, 137, 12143
List the prime factors of 82596260.
2, 5, 53, 67, 1163
What are the prime factors of 652120953?
3, 11, 19761241
List the prime factors of 77190166.
2, 17, 83, 1609
What are the prime factors of 120025531?
1049, 114419
List the prime factors of 545068847.
545068847
List the prime factors of 287883421.
7, 19, 37, 3079
What are the prime factors of 197959902?
2, 3, 7, 419, 1607
What are the prime factors of 1003148293?
7, 143306899
What are the prime factors of 947657633?
13, 137, 532093
List the prime factors of 91003035.
3, 5, 6066869
List the prime factors of 162055388.
2, 11, 3683077
What are the prime factors of 3065022647?
487, 6293681
List the prime factors of 1235705843.
17, 23, 1153, 2741
List the prime factors of 66858872.
2, 19, 439861
List the prime factors of 56384916.
2, 3, 7, 671249
What are the prime factors of 527534646?
2, 3, 73, 373, 3229
What are the prime factors of 8497850?
2, 5, 169957
List the prime factors of 676468810.
2, 5, 67646881
List the prime factors of 204705985.
5, 11, 79, 4283
List the prime factors of 48655775.
5, 7, 39719
List the prime factors of 533731525.
5, 3931, 5431
What are the prime factors of 821868002?
2, 97, 4236433
What are the prime factors of 125499954?
2, 3, 3547, 5897
What are the prime factors of 1096061246?
2, 7, 19, 373, 11047
What are the prime factors of 270949592?
2, 113, 299723
What are the prime factors of 70163689?
97, 723337
What are the prime factors of 2368364622?
2, 3, 13, 17, 1786097
What are the prime factors of 1555875763?
13, 151, 792601
List the prime factors of 1081718169.
3, 7, 7358627
List the prime factors of 46994123.
11, 29, 179, 823
What are the prime factors of 3085169107?
41, 4283, 17569
What are the prime factors of 9482988?
2, 3, 727, 1087
What are the prime factors of 109859982?
2, 3, 367, 49891
List the prime factors of 25257520.
2, 5, 239, 1321
List the prime factors of 2657788470.
2, 3, 5, 9843661
List the prime factors of 438638019.
3, 146212673
List the prime factors of 87717617.
13, 6747509
What are the prime factors of 62088440?
2, 5, 53, 29287
What are the prime factors of 94906123?
13, 751, 9721
What are the prime factors of 35723214?
2, 3, 661541
What are the prime factors of 1501195017?
3, 7, 101, 101111
List the prime factors of 2328613159.
33377, 69767
What are the prime factors of 15228815?
5, 7, 435109
List the prime factors of 171430136.
2, 29, 738923
What are the prime factors of 6376030?
2, 5, 637603
What are the prime factors of 56761741?
56761741
List the prime factors of 3258120898.
2, 61, 26705909
List the prime factors of 248439564.
2, 3, 17, 405947
What are the prime factors of 515022799?
4241, 121439
What are the prime factors of 47358537?
3, 29, 683, 797
List the prime factors of 2724607397.
73, 103, 362363
List the prime factors of 534264490.
2, 5, 53426449
What are the prime factors of 738106138?
2, 7, 11, 131, 36587
What are the prime factors of 126719105?
5, 17, 1490813
What are the prime factors of 606881336?
2, 75860167
List the prime factors of 75747480.
2, 3, 5, 631229
What are the prime factors of 114475067?
7, 16353581
List the prime factors of 797626469.
29, 1087, 25303
List the prime factors of 294370296.
2, 3, 11, 31, 35969
List the prime factors of 1820925454.
2, 17, 53556631
What are the prime factors of 1783140969?
3, 197, 3017159
What are the prime factors of 167331619?
7, 13, 41, 43, 149
What are the prime factors of 493988718?
2, 3, 82331453
List the prime factors of 739673036.
2, 184918259
What are the prime factors of 142826315?
5, 59, 61, 7937
List the prime factors of 199394376.
2, 3, 113, 73523
List the prime factors of 429239366.
2, 1609, 133387
List the prime factors of 74250230.
2, 5, 7425023
What are the prime factors of 211439310?
2, 3, 5, 7047977
List the prime factors of 232417309.
3023, 76883
List the prime factors of 95684707.
95684707
List the prime factors of 9286352307.
3, 227, 4545449
List the prime factors of 625625863.
19, 83, 396719
What are the prime factors of 1497899220?
2, 3, 5, 97, 257371
List the prime factors of 2970053083.
167, 17784749
List the prime factors of 14596514.
2, 79, 92383
List the prime factors of 287134176.
2, 3, 7, 427283
List the prime factors of 44048204.
2, 37, 297623
List the prime factors of 196500583.
43, 4569781
List the prime factors of 51354167.
1151, 44617
What are the prime factors of 57792296?
2, 71, 101747
What are the prime factors of 179920854?
2, 3, 59, 191, 887
What are the prime factors of 754801385?
5, 1